{"id":39,"date":"2016-06-15T08:56:34","date_gmt":"2016-06-15T08:56:34","guid":{"rendered":"http:\/\/c3122ca.stprof.eu\/kunden\/maxstadler\/index.php\/home-3\/"},"modified":"2017-11-12T22:08:29","modified_gmt":"2017-11-12T21:08:29","slug":"home-3","status":"publish","type":"page","link":"https:\/\/maxstadlermusik.de\/","title":{"rendered":"Home"},"content":{"rendered":"<p>[vc_row inverse=&#8220;&#8220; el_id=&#8220;scroll_here&#8220;][vc_column 0=&#8220;&#8220;][vc_empty_space height=&#8220;30px&#8220;]<div class=\"columns_wrap sc_columns columns_nofluid sc_columns_count_2\"><div class=\"column-1_2 sc_column_item sc_column_item_1 odd first\" style=\"padding: 0px 20px 0px 20px;\">[vc_icon type=&#8220;linecons&#8220; icon_linecons=&#8220;vc_li vc_li-music&#8220; color=&#8220;black&#8220; size=&#8220;xl&#8220; align=&#8220;center&#8220; css_animation=&#8220;bounceIn&#8220; link=&#8220;url:http%3A%2F%2Fmaxstadlermusik.de%2Findex.php%2Flive-music%2F|||&#8220;][vc_column_text]<\/p>\n<p style=\"text-align: center;\">Anspruchsvolle professionelle Untermalungsmusik mit<br \/>\nGitarre und Gesang.<br \/>\nVon gef\u00fchlvollen Balladen beim Essen, bis hin zu<br \/>\nRockig fetzigen Nummern.<br \/>\nOb Jung oder Alt, es ist f\u00fcr jeden etwas geboten.<br \/>\nF\u00fcr Feiern und Veranstaltungen aller Art. Privatfest oder Firmenfeier, Geburtstag oder Hochzeit, Kneipen und Bierg\u00e4rten<\/p>\n<p>[\/vc_column_text]<\/div><div class=\"column-1_2 sc_column_item sc_column_item_2 even\" style=\"padding: 0px 20px 0px 20px;\">[vc_icon type=&#8220;linecons&#8220; icon_linecons=&#8220;vc_li vc_li-vynil&#8220; color=&#8220;black&#8220; size=&#8220;xl&#8220; align=&#8220;center&#8220; css_animation=&#8220;bounceIn&#8220; link=&#8220;url:http%3A%2F%2Fmaxstadlermusik.de%2Findex.php%2Fdj-service%2F|||&#8220;][vc_column_text]<\/p>\n<p style=\"text-align: center;\">Seit \u00fcber 10 Jahren sind Hochzeiten ein ganz besonderer Schwerpunkt meiner Musikalischen T\u00e4tigkeit, hier kommt meine\u00a0 professionelle Erfahrung besonders zum Tragen.<\/p>\n<p>[\/vc_column_text]<\/div><\/div>[\/vc_column][vc_column][\/vc_column][\/vc_row][vc_row full_width=&#8220;stretch_row_content&#8220;][vc_column 0=&#8220;&#8220;]<div class=\"sc_promo margin_top_medium scheme_dark sc_promo_size_large\"><div class=\"sc_promo_inner\"><div class=\"sc_promo_image\" style=\"background-image:url(https:\/\/maxstadlermusik.de\/wp-content\/uploads\/2016\/06\/Birkenried-Kaffee-und-Kuchen.jpg);width:50%;left: 0;\"><\/div><div class=\"sc_promo_block sc_align_left\" style=\"width: 50%; float: right;\"><div class=\"sc_promo_block_inner\"><h6 class=\"sc_promo_subtitle sc_item_subtitle\">Hochzeiten \u2013 Partys \u2013 Firmenevents<\/h6><h2 class=\"sc_promo_title sc_item_title sc_item_title_with_descr\">A Few Words About Me<\/h2><div class=\"sc_promo_descr sc_item_descr\">Lieber Gast,<\/p>\n<p>Sie sind immer noch auf der Suche nach der passenden Musik ?<br \/>\nDabei aber noch unsicher, ob Band, DJ, oder Alleinunterhalter ?<\/p>\n<p>Kein Problem!<\/p>\n<p>Seit 10 Jahren bin ich darauf spezialisiert, Ihre Feier musikalisch einzigartig werden zu lassen.<br \/>\nOb als Live & Solo Musiker, DJ oder Bandmusiker im Duo.<\/p>\n<p>Jedes Jahr erfreuen sich erneut bis zu 125 Kunden (darunter 30 Brautpaare)<br \/>\nund deren G\u00e4ste an meiner musikalischen Performance.<\/p>\n<p>Wenn Sie also eine unvergessliche, musikalische W\u00fcrze f\u00fcr Ihr Fest suchen,<br \/>\ndann fordern Sie noch heute Ihr pers\u00f6nliches Angebot im Kontaktformular an.<\/p>\n<p>Speziell f\u00fcr Hochzeiten, biete ich auch ein unverbindliches Vorgespr\u00e4ch mit vielen wichtigen Insider Tipps .<\/p>\n<p>Meine langj\u00e4hrige Erfahrung in allen Bereichen,<br \/>\nsowie das Preis\/Leistungsverh\u00e4ltnis wird auch Sie \u00fcberzeugen.<\/p>\n<p>Vielen Dank & Herzliche Gr\u00fc\u00dfe<\/p>\n<p>Ihr Maximilian Stadler<\/div><div class=\"sc_promo_content\"><div class=\"sc_line sc_line_position_center_center sc_line_style_image margin_top_medium margin_bottom_medium\" style=\"height:667px;background-image: url(https:\/\/maxstadlermusik.de\/wp-content\/uploads\/2017\/06\/Natalie-Marcel-652_web.jpg);background-repeat: repeat-x;\"><\/div><div id=\"sc_skills_diagram_641625044\" class=\"sc_skills sc_skills_counter\" data-type=\"counter\" data-caption=\"Skills\"><div class=\"columns_wrap sc_skills_columns sc_skills_columns_3\"><div class=\"sc_skills_column column-1_3\"><div class=\"sc_skills_item sc_skills_style_1 odd first\"><div class=\"sc_skills_total\" data-start=\"0\" data-stop=\"624\" data-step=\"6\" data-max=\"624\" data-speed=\"32\" data-duration=\"3328\" data-ed=\"\">0<\/div><div class=\"sc_skills_count\"><\/div><div class=\"sc_skills_info\"><div class=\"sc_skills_label\">Events<\/div><div class=\"sc_skills_addinfo\">since 2013 - Firmenevents & Geburtstage<\/div><\/div><\/div><\/div><div class=\"sc_skills_column column-1_3\"><div class=\"sc_skills_item sc_skills_style_1 even\"><div class=\"sc_skills_total\" data-start=\"0\" data-stop=\"225\" data-step=\"6\" data-max=\"624\" data-speed=\"31\" data-duration=\"1163\" data-ed=\"\">0<\/div><div class=\"sc_skills_count\"><\/div><div class=\"sc_skills_info\"><div class=\"sc_skills_label\">Hochzeiten<\/div><div class=\"sc_skills_addinfo\">since 2012 - ca. 40 pro Jahr<\/div><\/div><\/div><\/div><div class=\"sc_skills_column column-1_3\"><div class=\"sc_skills_item sc_skills_style_1 odd\"><div class=\"sc_skills_total\" data-start=\"0\" data-stop=\"850\" data-step=\"9\" data-max=\"850\" data-speed=\"28\" data-duration=\"2644\" data-ed=\"\">0<\/div><div class=\"sc_skills_count\"><\/div><div class=\"sc_skills_info\"><div class=\"sc_skills_label\">zufriedene Kunden<\/div><div class=\"sc_skills_addinfo\">lesen Sie einfach in meinem G\u00e4stebuch<\/div><\/div><\/div><\/div><\/div><\/div><\/div><\/div><\/div><\/div><\/div>[\/vc_column][\/vc_row][vc_row 0=&#8220;&#8220;][vc_column 0=&#8220;&#8220;][vc_empty_space height=&#8220;50px&#8220;]<div class=\"sc_section\"><div class=\"sc_section_inner\"><h2 class=\"sc_section_title sc_item_title sc_item_title_without_descr\">Was meine Kunden \u00fcber mich sagen<\/h2><div class=\"sc_section_content_wrap\">[vc_empty_space height=&#8220;50px&#8220;]<div id=\"sc_testimonials_150255798\" class=\"sc_testimonials sc_testimonials_style_testimonials-1  margin_bottom_medium\" style=\"width:100%;\"><div class=\"sc_slider_swiper swiper-slider-container sc_slider_nopagination sc_slider_controls sc_slider_controls_bottom sc_slider_height_auto\" data-interval=\"9692\" data-slides-per-view=\"3\" data-slides-space=\"30\" data-slides-min-width=\"250\"><div class=\"slides swiper-wrapper\"><div class=\"swiper-slide\" data-style=\"width:100%;\" style=\"width:100%;\">\t\t\t<div id=\"sc_testimonials_150255798_1\" class=\"sc_testimonial_item\">\n\t\t\t\t<div class=\"sc_testimonial_content\"><p>1000 DANK nochmal f\u00fcr ein tolles Betriebsfest, dass Ihr [Duo Hansimilian] entscheidend mit Eurer Musik gepr\u00e4gt habt. Ihr habt dieses wie letztes Jahr genial gespielt und alle Kollegen begeistert.<br \/>\nIch bin froh, dass ich Euch \"entdeckt\" habe.<\/p>\n<\/div>\n\t\t\t\t\t\t\t\t\t\t\t\t<div class=\"sc_testimonial_author\"><span class=\"sc_testimonial_author_name\">Heidi R\u00f6hm<\/span><\/div>\n\t\t\t\t\t\t\t<\/div>\n\t\t<\/div><div class=\"swiper-slide\" data-style=\"width:100%;\" style=\"width:100%;\">\t\t\t<div id=\"sc_testimonials_150255798_2\" class=\"sc_testimonial_item\">\n\t\t\t\t<div class=\"sc_testimonial_content\"><p>Wir hatten eine wundersch\u00f6ne Geburtstagsfeier, die tolle Musik hat es einmalig gemacht.<br \/>\nVielen Dank f\u00fcr diesen tollen Abend, wir \"h\u00f6ren\" uns bestimmt wieder!<\/p>\n<\/div>\n\t\t\t\t\t\t\t\t\t\t\t\t<div class=\"sc_testimonial_author\"><span class=\"sc_testimonial_author_name\">Natalie<\/span><\/div>\n\t\t\t\t\t\t\t<\/div>\n\t\t<\/div><div class=\"swiper-slide\" data-style=\"width:100%;\" style=\"width:100%;\">\t\t\t<div id=\"sc_testimonials_150255798_3\" class=\"sc_testimonial_item\">\n\t\t\t\t<div class=\"sc_testimonial_content\"><p>Hallo Max, Du warst einer der Hauptgr\u00fcnde warum wir auf eine wundersch\u00f6ne Hochzeit zur\u00fcckblicken k\u00f6nnen! Danke nochmal!<\/p>\n<\/div>\n\t\t\t\t\t\t\t\t\t\t\t\t<div class=\"sc_testimonial_author\"><span class=\"sc_testimonial_author_name\">Maria<\/span><\/div>\n\t\t\t\t\t\t\t<\/div>\n\t\t<\/div><div class=\"swiper-slide\" data-style=\"width:100%;\" style=\"width:100%;\">\t\t\t<div id=\"sc_testimonials_150255798_4\" class=\"sc_testimonial_item\">\n\t\t\t\t<div class=\"sc_testimonial_content\"><p>Du und Hans waren die absolut richtige Wahl und alle G\u00e4ste waren begeistert von euch.\u00a0Wir k\u00f6nnen euch nur jedem w\u00e4rmstens weiter empfehlen. Man merkt einfach, dass ihr beide zwei Vollblutmusiker seid, [...]<\/p>\n<\/div>\n\t\t\t\t\t\t\t\t\t\t\t\t<div class=\"sc_testimonial_author\"><span class=\"sc_testimonial_author_name\">Sabrina & Martin<\/span><\/div>\n\t\t\t\t\t\t\t<\/div>\n\t\t<\/div><div class=\"swiper-slide\" data-style=\"width:100%;\" style=\"width:100%;\">\t\t\t<div id=\"sc_testimonials_150255798_5\" class=\"sc_testimonial_item\">\n\t\t\t\t<div class=\"sc_testimonial_content\"><p>vielen Dank f\u00fcr tolle Musik gestern bei der Geburtstagsfeier von Rainer. Lieder Auswahl und Performance waren Spitze! Ich hoffe wir treffen uns bald wieder, vielleicht bei meiner n\u00e4chsten Feier! Mach soe weiter!<\/p>\n<\/div>\n\t\t\t\t\t\t\t\t\t\t\t\t<div class=\"sc_testimonial_author\"><span class=\"sc_testimonial_author_name\">Ben Maier<\/span><\/div>\n\t\t\t\t\t\t\t<\/div>\n\t\t<\/div><div class=\"swiper-slide\" data-style=\"width:100%;\" style=\"width:100%;\">\t\t\t<div id=\"sc_testimonials_150255798_6\" class=\"sc_testimonial_item\">\n\t\t\t\t<div class=\"sc_testimonial_content\"><p>herzlichen Dank dass du am 11.9.15 unseren Tag mit deiner Musik und deiner unkomplizierten Art zu etwas ganz besonderen gemacht hast!<br \/>\nEs war einfach so sch\u00f6n dir zuzuh\u00f6ren! Auch danach warst du ein spitzen DJ, der f\u00fcr ordentlich Stimmung gesorgt hat! Unsere G\u00e4ste sind restlos begeistert von Dir und fragen st\u00e4ndig wann und wo man Dich wieder h\u00f6ren kann.<\/p>\n<\/div>\n\t\t\t\t\t\t\t\t\t\t\t\t<div class=\"sc_testimonial_author\"><span class=\"sc_testimonial_author_name\">Anja & Wolfi<\/span><\/div>\n\t\t\t\t\t\t\t<\/div>\n\t\t<\/div><\/div><div class=\"sc_slider_controls_wrap\"><a class=\"sc_slider_prev\" href=\"#\"><\/a><a class=\"sc_slider_next\" href=\"#\"><\/a><\/div><div class=\"sc_slider_pagination_wrap\"><\/div><\/div><\/div>[vc_separator color=&#8220;custom&#8220; border_width=&#8220;2&#8243; css_animation=&#8220;none&#8220; accent_color=&#8220;#000000&#8243;]<\/div><\/div><\/div>[\/vc_column][\/vc_row]<\/p>\n","protected":false},"excerpt":{"rendered":"<p>[vc_row inverse=&#8220;&#8220; el_id=&#8220;scroll_here&#8220;][vc_column 0=&#8220;&#8220;][vc_empty_space height=&#8220;30px&#8220;][\/vc_column][vc_column][\/vc_column][\/vc_row][vc_row full_width=&#8220;stretch_row_content&#8220;][vc_column 0=&#8220;&#8220;][\/vc_column][\/vc_row][vc_row 0=&#8220;&#8220;][vc_column 0=&#8220;&#8220;][vc_empty_space height=&#8220;50px&#8220;][\/vc_column][\/vc_row]<\/p>\n","protected":false},"author":1,"featured_media":0,"parent":0,"menu_order":0,"comment_status":"closed","ping_status":"closed","template":"","meta":{"footnotes":""},"class_list":["post-39","page","type-page","status-publish","hentry"],"yoast_head":"<!-- This site is optimized with the Yoast SEO plugin v23.1 - https:\/\/yoast.com\/wordpress\/plugins\/seo\/ -->\n<title>Home - Max Stadler Musik<\/title>\n<meta name=\"robots\" content=\"index, follow, max-snippet:-1, max-image-preview:large, max-video-preview:-1\" \/>\n<link rel=\"canonical\" href=\"https:\/\/maxstadlermusik.de\/\" \/>\n<meta property=\"og:locale\" content=\"de_DE\" \/>\n<meta property=\"og:type\" content=\"article\" \/>\n<meta property=\"og:title\" content=\"Home - Max Stadler Musik\" \/>\n<meta property=\"og:description\" content=\"[vc_row inverse=&#8220;&#8220; el_id=&#8220;scroll_here&#8220;][vc_column 0=&#8220;&#8220;][vc_empty_space height=&#8220;30px&#8220;][\/vc_column][vc_column][\/vc_column][\/vc_row][vc_row full_width=&#8220;stretch_row_content&#8220;][vc_column 0=&#8220;&#8220;][\/vc_column][\/vc_row][vc_row 0=&#8220;&#8220;][vc_column 0=&#8220;&#8220;][vc_empty_space height=&#8220;50px&#8220;][\/vc_column][\/vc_row]\" \/>\n<meta property=\"og:url\" content=\"https:\/\/maxstadlermusik.de\/\" \/>\n<meta property=\"og:site_name\" content=\"Max Stadler Musik\" \/>\n<meta property=\"article:modified_time\" content=\"2017-11-12T21:08:29+00:00\" \/>\n<meta name=\"twitter:card\" content=\"summary_large_image\" \/>\n<meta name=\"twitter:label1\" content=\"Gesch\u00e4tzte Lesezeit\" \/>\n\t<meta name=\"twitter:data1\" content=\"2\u00a0Minuten\" \/>\n<script type=\"application\/ld+json\" class=\"yoast-schema-graph\">{\"@context\":\"https:\/\/schema.org\",\"@graph\":[{\"@type\":\"WebPage\",\"@id\":\"https:\/\/maxstadlermusik.de\/\",\"url\":\"https:\/\/maxstadlermusik.de\/\",\"name\":\"Home - Max Stadler Musik\",\"isPartOf\":{\"@id\":\"https:\/\/maxstadlermusik.de\/#website\"},\"datePublished\":\"2016-06-15T08:56:34+00:00\",\"dateModified\":\"2017-11-12T21:08:29+00:00\",\"breadcrumb\":{\"@id\":\"https:\/\/maxstadlermusik.de\/#breadcrumb\"},\"inLanguage\":\"de\",\"potentialAction\":[{\"@type\":\"ReadAction\",\"target\":[\"https:\/\/maxstadlermusik.de\/\"]}]},{\"@type\":\"BreadcrumbList\",\"@id\":\"https:\/\/maxstadlermusik.de\/#breadcrumb\",\"itemListElement\":[{\"@type\":\"ListItem\",\"position\":1,\"name\":\"Startseite\",\"item\":\"https:\/\/maxstadlermusik.de\/\"},{\"@type\":\"ListItem\",\"position\":2,\"name\":\"Home\"}]},{\"@type\":\"WebSite\",\"@id\":\"https:\/\/maxstadlermusik.de\/#website\",\"url\":\"https:\/\/maxstadlermusik.de\/\",\"name\":\"Max Stadler Musik\",\"description\":\"\",\"publisher\":{\"@id\":\"https:\/\/maxstadlermusik.de\/#organization\"},\"potentialAction\":[{\"@type\":\"SearchAction\",\"target\":{\"@type\":\"EntryPoint\",\"urlTemplate\":\"https:\/\/maxstadlermusik.de\/?s={search_term_string}\"},\"query-input\":\"required name=search_term_string\"}],\"inLanguage\":\"de\"},{\"@type\":\"Organization\",\"@id\":\"https:\/\/maxstadlermusik.de\/#organization\",\"name\":\"Max Stadler Live Musik\",\"url\":\"https:\/\/maxstadlermusik.de\/\",\"logo\":{\"@type\":\"ImageObject\",\"inLanguage\":\"de\",\"@id\":\"https:\/\/maxstadlermusik.de\/#\/schema\/logo\/image\/\",\"url\":\"https:\/\/maxstadlermusik.de\/wp-content\/uploads\/2017\/06\/cropped-logo-entw\u00fcrfe1.png\",\"contentUrl\":\"https:\/\/maxstadlermusik.de\/wp-content\/uploads\/2017\/06\/cropped-logo-entw\u00fcrfe1.png\",\"width\":1500,\"height\":817,\"caption\":\"Max Stadler Live Musik\"},\"image\":{\"@id\":\"https:\/\/maxstadlermusik.de\/#\/schema\/logo\/image\/\"}}]}<\/script>\n<!-- \/ Yoast SEO plugin. -->","yoast_head_json":{"title":"Home - Max Stadler Musik","robots":{"index":"index","follow":"follow","max-snippet":"max-snippet:-1","max-image-preview":"max-image-preview:large","max-video-preview":"max-video-preview:-1"},"canonical":"https:\/\/maxstadlermusik.de\/","og_locale":"de_DE","og_type":"article","og_title":"Home - Max Stadler Musik","og_description":"[vc_row inverse=&#8220;&#8220; el_id=&#8220;scroll_here&#8220;][vc_column 0=&#8220;&#8220;][vc_empty_space height=&#8220;30px&#8220;][\/vc_column][vc_column][\/vc_column][\/vc_row][vc_row full_width=&#8220;stretch_row_content&#8220;][vc_column 0=&#8220;&#8220;][\/vc_column][\/vc_row][vc_row 0=&#8220;&#8220;][vc_column 0=&#8220;&#8220;][vc_empty_space height=&#8220;50px&#8220;][\/vc_column][\/vc_row]","og_url":"https:\/\/maxstadlermusik.de\/","og_site_name":"Max Stadler Musik","article_modified_time":"2017-11-12T21:08:29+00:00","twitter_card":"summary_large_image","twitter_misc":{"Gesch\u00e4tzte Lesezeit":"2\u00a0Minuten"},"schema":{"@context":"https:\/\/schema.org","@graph":[{"@type":"WebPage","@id":"https:\/\/maxstadlermusik.de\/","url":"https:\/\/maxstadlermusik.de\/","name":"Home - Max Stadler Musik","isPartOf":{"@id":"https:\/\/maxstadlermusik.de\/#website"},"datePublished":"2016-06-15T08:56:34+00:00","dateModified":"2017-11-12T21:08:29+00:00","breadcrumb":{"@id":"https:\/\/maxstadlermusik.de\/#breadcrumb"},"inLanguage":"de","potentialAction":[{"@type":"ReadAction","target":["https:\/\/maxstadlermusik.de\/"]}]},{"@type":"BreadcrumbList","@id":"https:\/\/maxstadlermusik.de\/#breadcrumb","itemListElement":[{"@type":"ListItem","position":1,"name":"Startseite","item":"https:\/\/maxstadlermusik.de\/"},{"@type":"ListItem","position":2,"name":"Home"}]},{"@type":"WebSite","@id":"https:\/\/maxstadlermusik.de\/#website","url":"https:\/\/maxstadlermusik.de\/","name":"Max Stadler Musik","description":"","publisher":{"@id":"https:\/\/maxstadlermusik.de\/#organization"},"potentialAction":[{"@type":"SearchAction","target":{"@type":"EntryPoint","urlTemplate":"https:\/\/maxstadlermusik.de\/?s={search_term_string}"},"query-input":"required name=search_term_string"}],"inLanguage":"de"},{"@type":"Organization","@id":"https:\/\/maxstadlermusik.de\/#organization","name":"Max Stadler Live Musik","url":"https:\/\/maxstadlermusik.de\/","logo":{"@type":"ImageObject","inLanguage":"de","@id":"https:\/\/maxstadlermusik.de\/#\/schema\/logo\/image\/","url":"https:\/\/maxstadlermusik.de\/wp-content\/uploads\/2017\/06\/cropped-logo-entw\u00fcrfe1.png","contentUrl":"https:\/\/maxstadlermusik.de\/wp-content\/uploads\/2017\/06\/cropped-logo-entw\u00fcrfe1.png","width":1500,"height":817,"caption":"Max Stadler Live Musik"},"image":{"@id":"https:\/\/maxstadlermusik.de\/#\/schema\/logo\/image\/"}}]}},"_links":{"self":[{"href":"https:\/\/maxstadlermusik.de\/index.php\/wp-json\/wp\/v2\/pages\/39"}],"collection":[{"href":"https:\/\/maxstadlermusik.de\/index.php\/wp-json\/wp\/v2\/pages"}],"about":[{"href":"https:\/\/maxstadlermusik.de\/index.php\/wp-json\/wp\/v2\/types\/page"}],"author":[{"embeddable":true,"href":"https:\/\/maxstadlermusik.de\/index.php\/wp-json\/wp\/v2\/users\/1"}],"replies":[{"embeddable":true,"href":"https:\/\/maxstadlermusik.de\/index.php\/wp-json\/wp\/v2\/comments?post=39"}],"version-history":[{"count":52,"href":"https:\/\/maxstadlermusik.de\/index.php\/wp-json\/wp\/v2\/pages\/39\/revisions"}],"predecessor-version":[{"id":530,"href":"https:\/\/maxstadlermusik.de\/index.php\/wp-json\/wp\/v2\/pages\/39\/revisions\/530"}],"wp:attachment":[{"href":"https:\/\/maxstadlermusik.de\/index.php\/wp-json\/wp\/v2\/media?parent=39"}],"curies":[{"name":"wp","href":"https:\/\/api.w.org\/{rel}","templated":true}]}}