{"id":9,"date":"2017-06-25T10:31:58","date_gmt":"2017-06-25T08:31:58","guid":{"rendered":"http:\/\/c3122ca.stprof.eu\/kunden\/maxstadler\/?page_id=9"},"modified":"2017-09-14T19:30:24","modified_gmt":"2017-09-14T17:30:24","slug":"biografie","status":"publish","type":"page","link":"https:\/\/maxstadlermusik.de\/index.php\/biografie\/","title":{"rendered":"Biografie"},"content":{"rendered":"<p>[vc_row 0=&#8220;&#8220; full_width=&#8220;stretch_row_content_no_spaces&#8220;][vc_column width=&#8220;1\/2&#8243;][vc_single_image 0=&#8220;&#8220; image=&#8220;407&#8243; img_size=&#8220;large&#8220; css=&#8220;.vc_custom_1505408290388{margin-bottom: 0px !important;}&#8220;][\/vc_column][vc_column width=&#8220;1\/2&#8243; css=&#8220;.vc_custom_1505409421226{padding-top: 50px !important;padding-right: 50px !important;padding-bottom: 50px !important;padding-left: 50px !important;}&#8220;][vc_custom_heading text=&#8220;Hi, ich bin Max!&#8220; use_theme_fonts=&#8220;yes&#8220;][vc_column_text]In Augsburg geboren, machte ich nach der Realschule eine Lehre zum Kaufmann im Gro\u00df und Au\u00dfenhandel.<br \/>\nDa ich schon immer absolut Musik begeistert war,\u00a0begann ich im Alter von 17 Jahren mit dem Gitarre spielen und singen. Bereits zwei Jahre sp\u00e4ter, wagte ich mich hobbym\u00e4\u00dfig in die Fu\u00dfg\u00e4ngerzone.<br \/>\n2006 wurde die Band \u201eRed Gate Foundation\u201c gegr\u00fcndet, mit der ich auf zahlreichen Events und Festivals darunter, Afrika Karibik Festival, Max Stra\u00dfen Feste, Grenzenlos Augsburger Rathausplatz&#8230; mit meinen Band Freunden spielte.[\/vc_column_text][\/vc_column][\/vc_row][vc_row full_width=&#8220;stretch_row_content_no_spaces&#8220;][vc_column width=&#8220;1\/2&#8243; css=&#8220;.vc_custom_1505409455780{padding-top: 50px !important;padding-right: 50px !important;padding-bottom: 50px !important;padding-left: 50px !important;}&#8220;][vc_custom_heading text=&#8220;Dann wurde es ernst&#8220; use_theme_fonts=&#8220;yes&#8220;][vc_column_text]2011 fasste ich den Entschluss im Alter von 26 Jahren, mich nun endlich ganz der Musik hinzugeben und begann nach und nach davon zu leben.<br \/>\nIch spielte auf zahlreichen Firmenfeiern (darunter die Esso Celebrations, Jet, Ikea, Wash Tec, Kuka, Hama&#8230;) Hochzeiten, Geburtstagen, in Kirchen, auf Gartengrillpartys, Stra\u00dfenfesten, Hotels, Festivals und Beerdigungen&#8230;<\/p>\n<p>Ende 2011 rief ich mein Akustik Trio \u201eimilian-acoustics\u201cins Leben. In dieser Zeit komponierte ich u.a. auch viele eigene Songs.<\/p>\n<p>2012 wurde mein eigenes Recording Studio \u201eBlackWork\u201c in Augsburg gegr\u00fcndet.Ab diesem Zeitpunkt setzte ich mich intensiv mit den Themen, DAW (Digital Audio Workstation), Tontechnik, Film und Fotografie auseinander.[\/vc_column_text][\/vc_column][vc_column width=&#8220;1\/2&#8243;][vc_single_image image=&#8220;138&#8243; img_size=&#8220;full&#8220; css=&#8220;.vc_custom_1505408799042{margin-bottom: 0px !important;}&#8220;][\/vc_column][\/vc_row][vc_row full_width=&#8220;stretch_row_content_no_spaces&#8220;][vc_column width=&#8220;1\/2&#8243;][vc_single_image image=&#8220;408&#8243; img_size=&#8220;full&#8220; css=&#8220;.vc_custom_1505408886764{margin-bottom: 0px !important;}&#8220;][\/vc_column][vc_column width=&#8220;1\/2&#8243; css=&#8220;.vc_custom_1505409646757{padding-top: 50px !important;padding-right: 50px !important;padding-bottom: 50px !important;padding-left: 50px !important;}&#8220;][vc_custom_heading text=&#8220;On the road&#8220; use_theme_fonts=&#8220;yes&#8220;][vc_column_text]Anfang 2013 begab ich mich f\u00fcr 2 Monate auf eine spirituell, musikalische\u00a0Reise nach Australien.\u00a0Ich spielte dort in einigen Caf\u00e9s und den Fu\u00dfg\u00e4ngerzonen der Metropolen Melbourne, Sydney und Brisbane darunter auch zwei Festivals.<\/p>\n<p>Da dieser Trip am anderen Ende der Welt ein solcher Erfolg war,\u00a0wagte ich Ende 2014 erneut den Entschluss nach Australien zu fliegen.\u00a0Begeistert von der Idee, schloss sich diesmal auch mein langj\u00e4hriger Freund Hans an.\u00a0F\u00fcr die zweite Reise, studierten und arrangierten wir viele neue Songs ein, um diese dann fast wie eine komplette Band mit Mandoline, Gitarre, Cajon,\u00a0Mundharmonika usw. umzusetzen.<\/p>\n<p>Wir lebten zwei Monate von unserer Musik in Down Under und drehten hier und da Musikvideos in Melbourne und Thailand. Schlie\u00dflich wurde das Band-Duo \u201eHansimilian\u201c geboren.(Infos unter www.hansimilian.de)<br \/>\nMusik ist mein Lebenselixier\u201d oder \u201cLive Musiker aus Leidenschaft\u201d\u2026 so k\u00f6nnte man beschreiben, welche Leits\u00e4tze mich durch mein musikalisches Leben begleiten.[\/vc_column_text][\/vc_column][\/vc_row][vc_row full_width=&#8220;stretch_row_content_no_spaces&#8220; inverse=&#8220;&#8220; css=&#8220;.vc_custom_1505409822967{background-color: #0a0a0a !important;}&#8220;][vc_column][vc_custom_heading text=&#8220;Euer Max Stadler&#8220; font_container=&#8220;tag:h1|text_align:center|color:%23ffffff&#8220; use_theme_fonts=&#8220;yes&#8220;][vc_empty_space height=&#8220;1.19em&#8220;][\/vc_column][\/vc_row]<\/p>\n","protected":false},"excerpt":{"rendered":"<p>[vc_row 0=&#8220;&#8220; full_width=&#8220;stretch_row_content_no_spaces&#8220;][vc_column width=&#8220;1\/2&#8243;][vc_single_image 0=&#8220;&#8220; image=&#8220;407&#8243; img_size=&#8220;large&#8220; css=&#8220;.vc_custom_1505408290388{margin-bottom: 0px !important;}&#8220;][\/vc_column][vc_column width=&#8220;1\/2&#8243; css=&#8220;.vc_custom_1505409421226{padding-top: 50px !important;padding-right: 50px !important;padding-bottom: 50px !important;padding-left: 50px !important;}&#8220;][vc_custom_heading text=&#8220;Hi, ich bin Max!&#8220; use_theme_fonts=&#8220;yes&#8220;][vc_column_text]In Augsburg geboren, machte ich nach der Realschule eine Lehre zum Kaufmann im Gro\u00df und Au\u00dfenhandel. Da ich schon immer absolut Musik begeistert war,\u00a0begann ich im Alter von 17 Jahren mit [&hellip;]<\/p>\n","protected":false},"author":2,"featured_media":0,"parent":0,"menu_order":0,"comment_status":"closed","ping_status":"closed","template":"","meta":{"footnotes":""},"class_list":["post-9","page","type-page","status-publish","hentry"],"yoast_head":"<!-- This site is optimized with the Yoast SEO plugin v23.1 - https:\/\/yoast.com\/wordpress\/plugins\/seo\/ -->\n<title>Biografie - Max Stadler Musik<\/title>\n<meta name=\"robots\" content=\"index, follow, max-snippet:-1, max-image-preview:large, max-video-preview:-1\" \/>\n<link rel=\"canonical\" href=\"https:\/\/maxstadlermusik.de\/index.php\/biografie\/\" \/>\n<meta property=\"og:locale\" content=\"de_DE\" \/>\n<meta property=\"og:type\" content=\"article\" \/>\n<meta property=\"og:title\" content=\"Biografie - Max Stadler Musik\" \/>\n<meta property=\"og:description\" content=\"[vc_row 0=&#8220;&#8220; full_width=&#8220;stretch_row_content_no_spaces&#8220;][vc_column width=&#8220;1\/2&#8243;][vc_single_image 0=&#8220;&#8220; image=&#8220;407&#8243; img_size=&#8220;large&#8220; css=&#8220;.vc_custom_1505408290388{margin-bottom: 0px !important;}&#8220;][\/vc_column][vc_column width=&#8220;1\/2&#8243; css=&#8220;.vc_custom_1505409421226{padding-top: 50px !important;padding-right: 50px !important;padding-bottom: 50px !important;padding-left: 50px !important;}&#8220;][vc_custom_heading text=&#8220;Hi, ich bin Max!&#8220; use_theme_fonts=&#8220;yes&#8220;][vc_column_text]In Augsburg geboren, machte ich nach der Realschule eine Lehre zum Kaufmann im Gro\u00df und Au\u00dfenhandel. Da ich schon immer absolut Musik begeistert war,\u00a0begann ich im Alter von 17 Jahren mit [&hellip;]\" \/>\n<meta property=\"og:url\" content=\"https:\/\/maxstadlermusik.de\/index.php\/biografie\/\" \/>\n<meta property=\"og:site_name\" content=\"Max Stadler Musik\" \/>\n<meta property=\"article:modified_time\" content=\"2017-09-14T17:30:24+00:00\" \/>\n<meta name=\"twitter:card\" content=\"summary_large_image\" \/>\n<meta name=\"twitter:label1\" content=\"Gesch\u00e4tzte Lesezeit\" \/>\n\t<meta name=\"twitter:data1\" content=\"3\u00a0Minuten\" \/>\n<script type=\"application\/ld+json\" class=\"yoast-schema-graph\">{\"@context\":\"https:\/\/schema.org\",\"@graph\":[{\"@type\":\"WebPage\",\"@id\":\"https:\/\/maxstadlermusik.de\/index.php\/biografie\/\",\"url\":\"https:\/\/maxstadlermusik.de\/index.php\/biografie\/\",\"name\":\"Biografie - Max Stadler Musik\",\"isPartOf\":{\"@id\":\"https:\/\/maxstadlermusik.de\/#website\"},\"datePublished\":\"2017-06-25T08:31:58+00:00\",\"dateModified\":\"2017-09-14T17:30:24+00:00\",\"breadcrumb\":{\"@id\":\"https:\/\/maxstadlermusik.de\/index.php\/biografie\/#breadcrumb\"},\"inLanguage\":\"de\",\"potentialAction\":[{\"@type\":\"ReadAction\",\"target\":[\"https:\/\/maxstadlermusik.de\/index.php\/biografie\/\"]}]},{\"@type\":\"BreadcrumbList\",\"@id\":\"https:\/\/maxstadlermusik.de\/index.php\/biografie\/#breadcrumb\",\"itemListElement\":[{\"@type\":\"ListItem\",\"position\":1,\"name\":\"Startseite\",\"item\":\"https:\/\/maxstadlermusik.de\/\"},{\"@type\":\"ListItem\",\"position\":2,\"name\":\"Biografie\"}]},{\"@type\":\"WebSite\",\"@id\":\"https:\/\/maxstadlermusik.de\/#website\",\"url\":\"https:\/\/maxstadlermusik.de\/\",\"name\":\"Max Stadler Musik\",\"description\":\"\",\"publisher\":{\"@id\":\"https:\/\/maxstadlermusik.de\/#organization\"},\"potentialAction\":[{\"@type\":\"SearchAction\",\"target\":{\"@type\":\"EntryPoint\",\"urlTemplate\":\"https:\/\/maxstadlermusik.de\/?s={search_term_string}\"},\"query-input\":\"required name=search_term_string\"}],\"inLanguage\":\"de\"},{\"@type\":\"Organization\",\"@id\":\"https:\/\/maxstadlermusik.de\/#organization\",\"name\":\"Max Stadler Live Musik\",\"url\":\"https:\/\/maxstadlermusik.de\/\",\"logo\":{\"@type\":\"ImageObject\",\"inLanguage\":\"de\",\"@id\":\"https:\/\/maxstadlermusik.de\/#\/schema\/logo\/image\/\",\"url\":\"https:\/\/maxstadlermusik.de\/wp-content\/uploads\/2017\/06\/cropped-logo-entw\u00fcrfe1.png\",\"contentUrl\":\"https:\/\/maxstadlermusik.de\/wp-content\/uploads\/2017\/06\/cropped-logo-entw\u00fcrfe1.png\",\"width\":1500,\"height\":817,\"caption\":\"Max Stadler Live Musik\"},\"image\":{\"@id\":\"https:\/\/maxstadlermusik.de\/#\/schema\/logo\/image\/\"}}]}<\/script>\n<!-- \/ Yoast SEO plugin. -->","yoast_head_json":{"title":"Biografie - Max Stadler Musik","robots":{"index":"index","follow":"follow","max-snippet":"max-snippet:-1","max-image-preview":"max-image-preview:large","max-video-preview":"max-video-preview:-1"},"canonical":"https:\/\/maxstadlermusik.de\/index.php\/biografie\/","og_locale":"de_DE","og_type":"article","og_title":"Biografie - Max Stadler Musik","og_description":"[vc_row 0=&#8220;&#8220; full_width=&#8220;stretch_row_content_no_spaces&#8220;][vc_column width=&#8220;1\/2&#8243;][vc_single_image 0=&#8220;&#8220; image=&#8220;407&#8243; img_size=&#8220;large&#8220; css=&#8220;.vc_custom_1505408290388{margin-bottom: 0px !important;}&#8220;][\/vc_column][vc_column width=&#8220;1\/2&#8243; css=&#8220;.vc_custom_1505409421226{padding-top: 50px !important;padding-right: 50px !important;padding-bottom: 50px !important;padding-left: 50px !important;}&#8220;][vc_custom_heading text=&#8220;Hi, ich bin Max!&#8220; use_theme_fonts=&#8220;yes&#8220;][vc_column_text]In Augsburg geboren, machte ich nach der Realschule eine Lehre zum Kaufmann im Gro\u00df und Au\u00dfenhandel. Da ich schon immer absolut Musik begeistert war,\u00a0begann ich im Alter von 17 Jahren mit [&hellip;]","og_url":"https:\/\/maxstadlermusik.de\/index.php\/biografie\/","og_site_name":"Max Stadler Musik","article_modified_time":"2017-09-14T17:30:24+00:00","twitter_card":"summary_large_image","twitter_misc":{"Gesch\u00e4tzte Lesezeit":"3\u00a0Minuten"},"schema":{"@context":"https:\/\/schema.org","@graph":[{"@type":"WebPage","@id":"https:\/\/maxstadlermusik.de\/index.php\/biografie\/","url":"https:\/\/maxstadlermusik.de\/index.php\/biografie\/","name":"Biografie - Max Stadler Musik","isPartOf":{"@id":"https:\/\/maxstadlermusik.de\/#website"},"datePublished":"2017-06-25T08:31:58+00:00","dateModified":"2017-09-14T17:30:24+00:00","breadcrumb":{"@id":"https:\/\/maxstadlermusik.de\/index.php\/biografie\/#breadcrumb"},"inLanguage":"de","potentialAction":[{"@type":"ReadAction","target":["https:\/\/maxstadlermusik.de\/index.php\/biografie\/"]}]},{"@type":"BreadcrumbList","@id":"https:\/\/maxstadlermusik.de\/index.php\/biografie\/#breadcrumb","itemListElement":[{"@type":"ListItem","position":1,"name":"Startseite","item":"https:\/\/maxstadlermusik.de\/"},{"@type":"ListItem","position":2,"name":"Biografie"}]},{"@type":"WebSite","@id":"https:\/\/maxstadlermusik.de\/#website","url":"https:\/\/maxstadlermusik.de\/","name":"Max Stadler Musik","description":"","publisher":{"@id":"https:\/\/maxstadlermusik.de\/#organization"},"potentialAction":[{"@type":"SearchAction","target":{"@type":"EntryPoint","urlTemplate":"https:\/\/maxstadlermusik.de\/?s={search_term_string}"},"query-input":"required name=search_term_string"}],"inLanguage":"de"},{"@type":"Organization","@id":"https:\/\/maxstadlermusik.de\/#organization","name":"Max Stadler Live Musik","url":"https:\/\/maxstadlermusik.de\/","logo":{"@type":"ImageObject","inLanguage":"de","@id":"https:\/\/maxstadlermusik.de\/#\/schema\/logo\/image\/","url":"https:\/\/maxstadlermusik.de\/wp-content\/uploads\/2017\/06\/cropped-logo-entw\u00fcrfe1.png","contentUrl":"https:\/\/maxstadlermusik.de\/wp-content\/uploads\/2017\/06\/cropped-logo-entw\u00fcrfe1.png","width":1500,"height":817,"caption":"Max Stadler Live Musik"},"image":{"@id":"https:\/\/maxstadlermusik.de\/#\/schema\/logo\/image\/"}}]}},"_links":{"self":[{"href":"https:\/\/maxstadlermusik.de\/index.php\/wp-json\/wp\/v2\/pages\/9"}],"collection":[{"href":"https:\/\/maxstadlermusik.de\/index.php\/wp-json\/wp\/v2\/pages"}],"about":[{"href":"https:\/\/maxstadlermusik.de\/index.php\/wp-json\/wp\/v2\/types\/page"}],"author":[{"embeddable":true,"href":"https:\/\/maxstadlermusik.de\/index.php\/wp-json\/wp\/v2\/users\/2"}],"replies":[{"embeddable":true,"href":"https:\/\/maxstadlermusik.de\/index.php\/wp-json\/wp\/v2\/comments?post=9"}],"version-history":[{"count":91,"href":"https:\/\/maxstadlermusik.de\/index.php\/wp-json\/wp\/v2\/pages\/9\/revisions"}],"predecessor-version":[{"id":515,"href":"https:\/\/maxstadlermusik.de\/index.php\/wp-json\/wp\/v2\/pages\/9\/revisions\/515"}],"wp:attachment":[{"href":"https:\/\/maxstadlermusik.de\/index.php\/wp-json\/wp\/v2\/media?parent=9"}],"curies":[{"name":"wp","href":"https:\/\/api.w.org\/{rel}","templated":true}]}}